226. What is the hundreds digit of o?
2
Suppose -85*f = -86*f - 7, -4*f = -3*h + 133270. What is the tens digit of h?
1
Let p(c) = c**3 + 12*c**2 - 36*c - 39. What is the units digit of p(16)?
3
Let l(w) = -2290*w - 670. What is the tens digit of l(-5)?
8
Let l be 16/20 - 172/(-40)*64. Suppose -s + 285 = 3*i - l, -2*s + 1162 = -2*i. What is the hundreds digit of s?
5
Let i be ((-90)/12 + 6)*40/(-12). Let g(u) = 2*u + 16*u + 24 + 2*u + 10*u. What is the units digit of g(i)?
4
Suppose k + 3125 = -5*i, i = 3*k - 280 - 345. Let p = i - -639. What is the units digit of p?
4
Let m = -30 + 30. Suppose 0 = -0*i + 3*i + 5*f + 374, -4*f + 20 = m. Let k = i - -202. What is the units digit of k?
9
Suppose 3*p - 111529 = -2*l, -5*p + 188327 - 2441 = -l. What is the units digit of p?
7
Suppose -4*l = -4*s - 5452, -14*l + 12*l + 2706 = 2*s. What is the units digit of l?
8
Suppose y + 25 = 24. Let m(t) = 388*t**2 - 3*t - 2. What is the hundreds digit of m(y)?
3
Suppose -65*n + 282228 = -15*n - 645772. What is the hundreds digit of n?
5
Let v = -99 + 99. Let j be (0 - -3)*24 - (v - -4). Suppose 0*w = 2*w - j. What is the tens digit of w?
3
What is the units digit of (4998/168)/((-3)/(-4344))?
8
Let q = 31617 - 20781. What is the hundreds digit of q?
8
Let m(r) = 3*r**2 + 45*r - 33. What is the thousands digit of m(13)?
1
Let g(n) = -n**2 - 10*n. Let b = -72 + 62. Let v be g(b). Suppose 8*j + 0*j - 1440 = v. What is the units digit of j?
0
What is the ten thousands digit of (-3)/(-4) + (1694485/52 - 5)?
3
Suppose 940 = 5*y + 3*d, y = -19*d + 17*d + 188. Let r = 584 - y. What is the tens digit of r?
9
Suppose 4*u + r = 101652, -50836 = 51*u - 53*u - 3*r. What is the thousands digit of u?
5
Let h = 593 - 388. Suppose w + 4*n + h = 626, -5*n = -10. What is the hundreds digit of w?
4
Let r(l) = l**3 + 18*l**2 - l - 32. Let p be r(-18). Let s(t) = -3*t + 14. Let v be s(p). Suppose -10*j + v + 224 = 0. What is the units digit of j?
8
Let z(n) = -7*n - 4. Let t be z(-4). Suppose -3*a = -5*b - 153, 2*a - 103 = 11*b - 8*b. Suppose t*c = 28*c - a. What is the tens digit of c?
1
What is the thousands digit of ((-4)/10)/((-50)/906625)?
7
Suppose 0 = -9*m + 29*m + 62*m - 724962. What is the hundreds digit of m?
8
Let y(m) = 45*m**2 - 13*m - 6. Let d be y(5). Let t = d - 673. What is the tens digit of t?
8
What is the thousands digit of 2/(-17) + 3483/(-1462) - 3685/(-2)?
1
Suppose 70 = 2*u - 4*y, 45 = 4*u - y - 88. Suppose -u*g - 9723 = -50907. What is the units digit of g?
8
Suppose 12*r - r + r - 52980 = 0. What is the thousands digit of r?
4
Let c = 68 - 68. Suppose c = -42*n + 48*n - 1698. What is the units digit of n?
3
Let b be 7*21 + -2 + -7 + 6. Let p = b - 61. Suppose 0 = -6*q + p + 37. What is the units digit of q?
0
Let c(y) = y**3 + 63*y**2 - 220*y + 295. What is the hundreds digit of c(-66)?
7
Let b = -48 + 84. Suppose 6*g - 248 = g - 3*c, 4*c - b = -g. Suppose u - 3*j = 2*u - 24, -g = -3*u - 5*j. What is the units digit of u?
9
Let c be 14310/570 - (-6)/(-57). Suppose 0 = -3*x + d + 1682, 30*x - c*x = 3*d + 2806. What is the tens digit of x?
6
Suppose 8200*h - 8232*h + 928608 = 0. What is the tens digit of h?
1
Let t be 1 + -1 + (0 - 4)/(-2). Let v be (12/36)/((-285)/144 + t). Suppose v = 4*k, 0 = -5*l + 5*k - 0*k. What is the units digit of l?
4
Suppose 1757472 = -93*s + 4713942. What is the thousands digit of s?
1
Let c(d) = -279*d + 570. What is the tens digit of c(-13)?
9
Let k(z) = -2378*z + 22. What is the hundreds digit of k(-4)?
5
Let x = -28090 + 54251. What is the ten thousands digit of x?
2
Suppose -224 = 9*q - 2*q. Let j = 37 + q. Let l(x) = -x**3 + 12*x**2 - 3*x - 4. What is the tens digit of l(j)?
5
Let h be (-1)/((4 - 5)/2). Suppose -6 = -c - 2*c. Suppose -d = -c*d - 1, -171 = -h*q - 5*d. What is the tens digit of q?
8
Let g = -12822 - -37527. What is the thousands digit of g?
4
Suppose -9*n = 16*n - 45025. What is the thousands digit of n?
1
Let x(z) = -23*z**3 - z**2 + z. Let v be x(-2). Let a = -262 + v. Let p = -66 - a. What is the units digit of p?
8
Let v = -183 - -187. Suppose 0 = -v*i - 7*i + 451. What is the tens digit of i?
4
Let c(q) = 2*q**3 - 4*q**2 - 11*q + 7. Let u be c(3). What is the units digit of (((-4)/u)/1 + 0)*396?
8
Let p be -4 + (-4)/((-12)/39). Suppose v - 6 = z - 3*z, 3*z - 3*v + p = 0. Let m(l) = 42*l**3 + l**2 - 1. What is the tens digit of m(z)?
4
Suppose 6*h - 218 + 596 = 0. What is the tens digit of h/(-168) - (-26762)/16?
7
Let d(w) = -381*w - 1. Let q be d(-2). Let a = 7535 + -5190. Suppose -q = 12*c - a. What is the units digit of c?
2
What is the ten thousands digit of ((-532813)/215)/(7/(-35))?
1
Let d = 4449 + -4199. What is the hundreds digit of d?
2
Let x = 9736 + -2975. What is the thousands digit of x?
6
Let d(u) = 97*u. Let z be d(2). Suppose -8*q = -66*q - 2483 - 185. Let s = z + q. What is the units digit of s?
8
Let x(t) = 601*t**2 + 7*t + 9. Let z be x(-2). Suppose 0 = 6*h + 473 - z. What is the tens digit of h?
2
Suppose 127 = 5*p - 18. Let f = 29 - p. Suppose f = -s - 13 + 81. What is the units digit of s?
8
What is the thousands digit of (-16)/80 + (-1869228)/(-90)?
0
Let h(l) = -2*l**3 - 5*l**2 - 72*l - 822. What is the tens digit of h(-17)?
8
Let n(p) = -545*p - 2. Let l be n(-1). Let b = -203 + l. What is the tens digit of b?
4
Suppose -110 - 1353 = -8*r + 265. What is the tens digit of r?
1
Let g(y) be the third derivative of y**5/60 - 5*y**4/12 + 109*y**3/6 - 125*y**2. What is the units digit of g(-13)?
8
Let z(u) = 2*u + 3 - 9*u - 13. Let i = -9 + 0. What is the tens digit of z(i)?
5
Let q be (-377)/(-15) - 2 - (-2)/(-15). Suppose -3*i - 666 = -b, 5*b + q*i = 24*i + 3372. What is the hundreds digit of b?
6
Let i = -5087 - -5182. What is the tens digit of i?
9
Let z(r) = -r**2 - 17*r + 3. Let a be z(-17). Suppose 8*d - 3*d - a*d = 0. Suppose -u - 2*u + 474 = -2*c, 3*u - 4*c - 468 = d. What is the units digit of u?
0
Let y = 35 - 31. Suppose -5*r + y*v = 80, -3*r = -2*r - 3*v + 5. What is the units digit of (-1)/(-5) + -1*1896/r?
5
Let g = -2456 - -2759. What is the tens digit of g?
0
What is the tens digit of (-17198)/(-10) - (15 + 1452/(-110))?
1
Suppose 1559277 = 9*n + 37*n + 6179. What is the tens digit of n?
6
Let p(s) = 6*s**3 - 26*s**2 - 14*s + 143. What is the thousands digit of p(15)?
4
Let f be 499/2 - 2/(-4). Suppose -3*t - f = -1300. What is the hundreds digit of t?
3
Let l = 46 + 58. Let j = l + 194. What is the tens digit of j?
9
Let g(i) = 215*i**3 - 5*i**2 - 6*i + 7. What is the tens digit of g(4)?
6
Let n be (-3 - 1)/(3 + -5). What is the hundreds digit of 3 + n + (167 - 6)?
1
Let l(q) = -2*q**2 + 4*q + 35. Let b be l(16). What is the units digit of -1 + b/(-7 + 6)?
2
Suppose 20 = 5*q + 35. What is the tens digit of (-29316)/(-112) - q/(-4)?
6
Let p = 157 - 244. Let m = p + 81. What is the units digit of 9915/60 - m/8?
6
Let m(i) be the first derivative of -4*i**4/3 + 7*i**3/6 + i**2/2 + 20. Let b(o) be the second derivative of m(o). What is the units digit of b(-2)?
1
Let h(w) = -11*w**3 + 9*w**2 + 32*w + 29. What is the units digit of h(-11)?
7
Suppose -2 + 0 = 2*f + 3*u, -2*f = 2*u. Suppose -3*n + t + 39 = 0, 4*t + 18 = f*n - 8. Suppose 0 = -5*r + n*r - 96. What is the units digit of r?
2
Suppose -5*v + 5*y = 3*y - 164425, -v = -4*y - 32903. What is the ten thousands digit of v?
3
Let w(i) = -i**3 - 11*i**2 - 21*i - 21. Let g be w(-9). Suppose -g*m - 13509 = -25*m. What is the hundreds digit of m?
7
What is the thousands digit of -10 + (34392 - -20) + 19?
4
Let l(t) = 48*t - 10. Let u be l(1). Let k be 1 + u/9 - 16/72. Suppose -k*a + s + 785 = 0, 0 = 3*a - 5*s - 115 - 356. What is the units digit of a?
7
Let u = 360 - 355. Suppose -u*v - 4*t = -2163, t + 868 = 2*v + 4*t. What is the tens digit of v?
3
Suppose 7*q = 20*q. Suppose -23*k = -q*k - 3059. What is the hundreds digit of k?
1
Let p(u) = -3*u + 5 - u**2 - 4*u**3 - 12 - 5 + 3*u**3. Let i be p(-4). Suppose i = 4*g - 4*m, 23 = 3*g - 4*m - 11. What is the tens digit of g?
1
Suppose -5*s = 4*n - 45499, 5*n = 27 + 3. What is the thousands digit of s?
9
What is the ten thousands digit of (118 + 4)*(-2 + 16167/34)?
5
Suppose -694*o + 698*o = -3*t + 11324, -o + 18862 = 5*t. What is the hundreds digit of t?
7
Let z = -32 